what is 2014 - 3?
2011
In base 3, what is -12 + 1100?
1011
In base 5, what is -4 - -12011?
12002
In base 3, what is -21221012 + 12?
-21221000
In base 2, what is 101111011 - 100?
101110111
In base 7, what is -631 - -64?
-534
In base 3, what is -11121 + 110?
-11011
In base 13, what is -57 + -4?
-5b
In base 5, what is -10 - 1014?
-1024
In base 15, what is 1 - 9d9?
-9d8
In base 6, what is 210 - 2?
204
In base 2, what is 11110000000 - -100?
11110000100
In base 16, what is e - -f?
1d
In base 4, what is -203012 + -1?
-203013
In base 5, what is -13140 + -2?
-13142
In base 7, what is 14 + 2453?
2500
In base 8, what is 35 - 47?
-12
In base 7, what is -1 + 10043?
10042
In base 12, what is 0 + bb7?
bb7
In base 12, what is 153 + -1?
152
In base 2, what is -100010 + -1?
-100011
In base 14, what is -3 - -9c?
99
In base 11, what is -4325 - -5?
-4320
In base 6, what is -22333 + -4?
-22341
In base 2, what is 11100110111 - 1?
11100110110
In base 4, what is 2120 + -10?
2110
In base 16, what is -14e + 2f?
-11f
In base 5, what is -2023 + -2?
-2030
In base 14, what is 3ca2 + -4?
3c9c
In base 11, what is -16 + -20?
-36
In base 15, what is -2 + 5c?
5a
In base 6, what is 101 - -5?
110
In base 6, what is 143 + -151?
-4
In base 16, what is -6a + -89?
-f3
In base 8, what is 20 + -54?
-34
In base 11, what is -1699 + -1?
-169a
In base 3, what is -21 - 22020?
-22111
In base 11, what is 10 + 279?
289
In base 9, what is 88 - -142?
241
In base 6, what is -12313 - -5?
-12304
In base 5, what is 10 - 413?
-403
In base 4, what is -112310 + 1?
-112303
In base 5, what is 3 - -121243?
121301
In base 2, what is 1011 - 10?
1001
In base 15, what is -a8 - 2?
-aa
In base 6, what is 2 - 32?
-30
In base 2, what is 10001110000010 + -1?
10001110000001
In base 8, what is -16 + -23?
-41
In base 6, what is 100 - 123?
-23
In base 12, what is 3b9 + -5?
3b4
In base 10, what is 4 + -793?
-789
In base 15, what is 3 - -3e?
42
In base 9, what is 2 - -22?
24
In base 13, what is -b + -436?
-444
In base 14, what is -4 + 42?
3c
In base 9, what is -3 + -76?
-80
In base 10, what is 99 + -84?
15
In base 13, what is 34 + -4?
30
In base 2, what is 1 - -100000101?
100000110
In base 12, what is 3 + 595?
598
In base 7, what is 2431 - 3?
2425
In base 7, what is 4 - 1063?
-1056
In base 10, what is 82 + 365?
447
In base 6, what is -3 - -2003?
2000
In base 9, what is -134 - 15?
-150
In base 12, what is -35 - 1?
-36
In base 3, what is -1120 + -101?
-1221
In base 11, what is 2 - a5?
-a3
In base 14, what is -3c + 85?
47
In base 2, what is 10110011001 - 0?
10110011001
In base 14, what is 5 + c?
13
In base 7, what is -33 - -3?
-30
In base 16, what is 2 - 61?
-5f
In base 12, what is 126a - 4?
1266
In base 13, what is 0 + -374?
-374
In base 2, what is -101 + -1110001100?
-1110010001
In base 16, what is 16 + 14?
2a
In base 9, what is 60 + -46?
13
In base 6, what is -11 - -245?
234
In base 12, what is -7 - 23b?
-246
In base 15, what is -c9 - 1?
-ca
In base 16, what is 167 + -c?
15b
In base 6, what is -50 - 13?
-103
In base 14, what is -1b5d + 4?
-1b59
In base 6, what is 1313 - 2?
1311
In base 9, what is 12 + 0?
12
In base 16, what is -13 + e?
-5
In base 2, what is 100 - 1110010?
-1101110
In base 8, what is 447 - 2?
445
In base 5, what is 100142 + 1?
100143
In base 10, what is -51 + -58?
-109
In base 13, what is 365 - 3?
362
In base 14, what is 6 + 54c?
554
In base 12, what is -7 + -3a?
-45
In base 15, what is -5 + -1047?
-104c
In base 3, what is 12001 - -10?
12011
In base 11, what is 11 - -34?
45
In base 7, what is 11 + -216?
-205
In base 16, what is 2 + 71d?
71f
In base 3, what is -12 - -210?
121
In base 14, what is -1 - 32?
-33
In base 13, what is 5 + 1043?
1048
In base 7, what is 33546 - 0?
33546
In base 10, what is -2 - 53?
-55
In base 10, what is -4 - -862?
858
In base 2, what is 1101 - 1011110?
-1010001
In base 5, what is -420 + 2?
-413
In base 11, what is 5 - 88?
-83
In base 10, what is 146 - 36?
110
In base 8, what is 2615 + 1?
2616
In base 14, what is 1 - -43?
44
In base 9, what is -62 - -5?
-56
In base 15, what is -31 + -cc?
-10d
In base 3, what is -12 - 211?
-1000
In base 5, what is -2 + 24112?
24110
In base 12, what is -74b6 - -5?
-74b1
In base 13, what is 81 - 3?
7b
In base 13, what is 1 - a?
-9
In base 3, what is 22101011 + -11?
22101000
In base 16, what is 3b + 3?
3e
In base 12, what is 13ba - -13?
1411
In base 16, what is 5 + -d1?
-cc
In base 11, what is 2964 + 5?
2969
In base 15, what is -2 - e?
-11
In base 14, what is 1 + -122?
-121
In base 13, what is -901 + 1?
-900
In base 3, what is -1 + -22012?
-22020
In base 2, what is -10111000 - -11?
-10110101
In base 8, what is 2 + -27?
-25
In base 11, what is -7 + 133?
127
In base 12, what is -19 - -281?
264
In base 14, what is b + 30?
3b
In base 8, what is -424 + -1?
-425
In base 11, what is 21743 + -2?
21741
In base 14, what is -55 + 4?
-51
In base 10, what is 12 - 7?
5
In base 11, what is 5 + 265?
26a
In base 2, what is 100110 - 11?
100011
In base 14, what is 19 - 29?
-10
In base 11, what is 4 - 140a?
-1406
In base 8, what is 17 + -6?
11
In base 2, what is -1000011 + 1011?
-111000
In base 4, what is 3311 + -1?
3310
In base 8, what is -52 + 3?
-47
In base 13, what is 47a0 - 2?
479b
In base 6, what is 242 - 21?
221
In base 13, what is -308 + 5?
-303
In base 15, what is 5 + -1ba?
-1b5
In base 5, what is -1212 - -3?
-1204
In base 7, what is 20 - 0?
20
In base 2, what is -100110111111 - -111?
-100110111000
In base 10, what is -10 + -42?
-52
In base 12, what is -3 + 400?
3b9
In base 7, what is -2351 + -4?
-2355
In base 14, what is -2306 + -3?
-2309
In base 14, what is -5 + 54?
4d
In base 8, what is 0 - -10?
10
In base 3, what is -1110212 + 10?
-1110202
In base 13, what is -5 + -6c6?
-6cb
In base 14, what is 732c - 3?
7329
In base 6, what is 115 - 230?
-111
In base 3, what is 200221 + 101?
201022
In base 7, what is -540 - -42?
-465
In base 5, what is -120022 - 4?
-120031
In base 3, what is -20 + 11100?
11010
In base 10, what is 5 + -1976?
-1971
In base 4, what is 213 - -10232?
11111
In base 13, what is -95a - -2?
-958
In base 10, what is -1312 - -5?
-1307
In base 9, what is -5216 - 5?
-5222
In base 2, what is -11100001100 + 11?
-11100001001
In base 3, what is -2 + 110?
101
In base 11, what is 4a0 + -8?
493
In base 12, what is 5 + 185?
18a
In base 10, what is -59 - -1?
-58
In base 2, what is 1000111001 + 1?
1000111010
In base 3, what is -222 - -11?
-211
In base 5, what is -10 - -1324?
1314
In base 10, what is -32 + 3?
-29
In base 9, what is 0 - -806?
806
In base 11, what is 14 + 20?
34
In base 5, what is 3 + -24422?
-24414
In base 11, what is -3 - -149?
146
In base 3, what is 11002112 - -12?
11002201
In base 6, what is 14 + -1045?
-1031
In base 4, what is 20 - -21?
101
In base 16, what is 4 + fd0?
fd4
In base 3, what is 101 - 200?
-22
In base 10, what is -1345 + -5?
-1350
In base 8, what is -3662 - -1?
-3661
In base 6, what is -4 + 215?
211
In base 12, what is -9b5 - 8?
-a01
In base 2, what is 0 - 1111110?
-1111110
In base 12, what is 2 + -41?
-3b
In base 6, what is -131 + 30?
-101
In base 9, what is -17 + -815?
-833
In base 4, what is -2 + -32313?
-32321
In base 8, what is -41 - 1?
-42
In base 8, what is -1044 - 50?
-1114
In base 11, what is 8 - -108?
115
In base 2, what is -101 + -1101011?
-1110000
In base 11, what is -28 - -29?
1
In base 6, what is -23 + -5?
-32
In base 7, what is -1 + 5134?
5133
In base 11, what is 7670 + 3?
7673
In base 7, what is 142 - -63?
235
In base 11, what is 1 - 497?
-496
In base 7, what is -3 + -105?
-111
In base 13, what is 7 + -2376?
-236c
In base 11, what is a - -2?
11
In base 11, what is 5 - 63?
-59
In base 11, what is -2 - 26?
-28
In base 3, what is -210100 + -212?
-211012
In base 6, what is -144352 - -3?
-144345
In base 11, what is 119 - 44?
85
In base 8, what is 44 + -3?
41
In base 4, what is -10 + -30201?
-30211
In base 5, what is -21 + 141?
120
In base 9, what is 5705 - -4?
5710
In base 7, what is 65 + -4?
61
In base 14, what is 103 - -4?
107
In base 10, what is -5 + 110?
105
In base 10, what is -829 + 5?
-824
In base 13, what is -169 - a?
-176
In base 2, what is -1001101101 - 1?
-1001101110
In base 2, what is 11000111 - -1?
11001000
In base 12, what is 98 + -18?
80
In base 10, what is 1 - 52?
-51
In base 6, what is 143 + -5?
134